/k). List the prime factors of ((-36)/16)/(h/8).
3
Let d be 7 - (-4)/((-4)/3). Suppose 93 = -g + d*g. What are the prime factors of g?
31
Suppose q = 11 + 18. What are the prime factors of q?
29
Suppose 0 = 12*i - 2155 + 91. What are the prime factors of i?
2, 43
Let h(s) = 2*s - s + 2 + 2. Let i = 18 + -13. List the prime factors of h(i).
3
Suppose 0 - 10 = -2*j. What are the prime factors of j - (1 + (-6)/3)?
2, 3
Let u(q) = -4*q + 5*q - 3 - 3 + 4. List the prime factors of u(9).
7
Let x = 11 - 8. Suppose 4*h - x*m = 36, -5 + 15 = -h - 4*m. List the prime factors of h.
2, 3
Suppose 35 = 2*j + 3*j. Let s = j + -3. Suppose -2*b + 8 = 4*g, -5*b + s*g = -g - 80. What are the prime factors of b?
2, 3
Let i(y) = -y**2 + 8*y - 2. Let h be 1/2 + (-13)/(-2). Let p be i(h). Suppose -3*a = 5*c - 62, p*c + a - 32 - 22 = 0. What are the prime factors of c?
2, 5
Let p(t) = -t**3 - t**2 - 4*t + 31. List the prime factors of p(0).
31
Suppose 3*v - 2*p + p = 18, -5*p - 30 = -5*v. What are the prime factors of (-84)/(-9) + v/9?
2, 5
Let d(f) = -f**3 + 2*f**2 + 4*f. Let c be d(3). Suppose -k - c*k + 32 = 0. List the prime factors of k.
2
Let d be (9/(-6))/((-1)/2). Let c(b) = 3 - 2 - 3*b - d. List the prime factors of c(-6).
2
Suppose -84 = -2*w + 134. What are the prime factors of w?
109
Let z(o) = -2*o**3 - 2. Let v be z(-2). Suppose s - 4 - v = 0. Suppose s = -0*t + t. What are the prime factors of t?
2, 3
Let t = -2 + -1. Let x = 0 + t. List the prime factors of 10*(x + (-63)/(-15)).
2, 3
Suppose g - 8 = -3*g. What are the prime factors of (-2 - -7) + g + 0?
7
Suppose 0 = a - b - 53, a + 4*a = -4*b + 310. What are the prime factors of a?
2, 29
Let z be 2/((-3)/((-18)/4)). Suppose -z*t = t - 20. What are the prime factors of t?
5
Suppose -4*y + 90 = r + 2*r, r + 2*y = 32. List the prime factors of r.
2, 13
Let i(x) = -11*x + 7. Let d be i(3). Let t = d - -36. List the prime factors of t.
2, 5
Let z(h) be the first derivative of h**5/30 - h**4/6 + h**3/3 + h**2 + 2. Let s(j) be the second derivative of z(j). List the prime factors of s(3).
2
Let b = 8 + 31. List the prime factors of b.
3, 13
Let t(i) = -3*i - 2. What are the prime factors of t(-4)?
2, 5
Let a(h) = 8 - 8 + 11 - 9*h - h**2. Let u be a(-10). Let z = 6 - u. List the prime factors of z.
5
Let j be (1 + 4)/(2/(-8)). Let x = 50 + j. What are the prime factors of x?
2, 3, 5
Let t = 5 + -10. Let y be (-6)/(-15) + (-8)/t. Suppose -6 + 20 = y*m. List the prime factors of m.
7
Suppose g + 135 = 6*g. Let f = g - 12. List the prime factors of f.
3, 5
Let u(r) = r**3 + 8*r**2 + 9*r + 1. Let v = -16 + 10. What are the prime factors of u(v)?
19
Let u(n) = -n + 8. Let h be u(6). Suppose -c + 12 = 3*v, 0 = 5*v - c + 15 - 43. Suppose -3 = -h*a + v. List the prime factors of a.
2
Let a be (6 + -2)/(6/(-27)). Let t = a + 30. What are the prime factors of t?
2, 3
Let s = -22 - -38. Suppose 5*i - 6*i = -s. What are the prime factors of i?
2
Let f(m) = -m**3 + m**2 + 20. Let l(x) = x**2 + x - 4. Let t be l(3). Let w = 8 - t. What are the prime factors of f(w)?
2, 5
Let f(h) = -h**3 + 5*h**2 + 9*h - 9. Let z(s) = -s**3 - 6*s**2 - 7*s - 5. Let q be z(-5). What are the prime factors of f(q)?
2, 3
List the prime factors of (1 - 271)/(-2) - 17/(-17).
2, 17
Let p(f) be the first derivative of -f**2/2 - 6*f + 4. Let r be p(-5). What are the prime factors of (2 + (-7 - r))*-2?
2
Suppose -3 = -28*s + 27*s. Suppose 2*t + 5 + s = 4*k, -t - 2*k = -16. What are the prime factors of t?
2, 3
Suppose -2*g - 12 = -5*m - g, 3 = 5*m - 4*g. Let r be -1*(1 - 2) - -1. Suppose r*k = -2*p, 4*p + 1 = -m*k + 3. What are the prime factors of p?
2
Let b be 5/(-15) + 181/3. Let g = b + -29. What are the prime factors of g?
31
Let l(r) = r + 10. Let h be l(-6). Let s(w) = 5*w - 3. List the prime factors of s(h).
17
List the prime factors of 8 - -29 - (-2)/((-4)/(-2)).
2, 19
What are the prime factors of (-502)/(-8) + 3/(-4)?
2, 31
Let w be -6 + 2 + -1 + 2. Let s be 1/w + (-62)/(-6). Suppose 0*v - s = -v. List the prime factors of v.
2, 5
Let x be (-2 + 5 - 7) + -10. Let z = 46 + x. List the prime factors of z.
2
List the prime factors of (-388)/(-4) + -5 + 1.
3, 31
Let r be 3 - 0/((-3)/3). Suppose -3 = -r*l + 3. Suppose p = l*i, 0*p + 5*i + 3 = 4*p. List the prime factors of p.
2
Suppose -2*n - 1 - 1 = 0. List the prime factors of 12 + (-4 - n - 0).
3
Suppose w - 7*w = -198. What are the prime factors of w?
3, 11
Let b = -13 + 22. Let r = 12 - 8. What are the prime factors of b - (r/2)/1?
7
Suppose -24 = -3*v - 3*q, -8 = -3*v + 3*q + 10. List the prime factors of v.
7
Let f = -18 - 2. List the prime factors of 240/(-50)*f/2.
2, 3
Suppose v + 0*v = 4. Suppose 4*w = -0*w + v. List the prime factors of w - (-3)/(-3)*-1.
2
Let r be (-4)/((-7)/((-63)/(-6))). Let z(w) = -w**2 + 10*w - 9. What are the prime factors of z(r)?
3, 5
Let z(b) = -5*b - 3. Let k(c) = -6*c - 4. Let d(w) = -4*k(w) + 5*z(w). Let v be d(-2). What are the prime factors of 2/v*(-60)/(-4)?
2, 5
Let b(y) = 4*y + 6. Let c be b(-7). Let x = c - -44. What are the prime factors of x?
2, 11
Suppose 2*h + 10 = 4*h. Suppose -2*i - 100 = -h*b + 3*i, 3*i = -b + 20. What are the prime factors of b?
2, 5
Suppose -14 = -0*j + j. List the prime factors of (-270)/j - (-2)/(-7).
19
What are the prime factors of (-746)/(-10) + (-24)/(-60)?
3, 5
Suppose -25 = y - 5*b, 0 = 4*y - 0*y + 2*b - 10. Suppose y = 4*o - 3 + 67. Let q = 28 + o. What are the prime factors of q?
2, 3
Suppose 3*k = 16 - 4. Let t(y) = y**3 - 2*y**2 - 3*y. List the prime factors of t(k).
2, 5
List the prime factors of (2/4)/(-1*(-2)/492).
3, 41
What are the prime factors of 180*((-24)/(-35) + 14/(-49))?
2, 3
Let b(k) be the first derivative of 7*k**4/4 + k**3/3 + k**2/2 - k + 2. What are the prime factors of b(1)?
2
Let g(j) = -35*j + 7. What are the prime factors of g(-7)?
2, 3, 7
Suppose 0 = 5*v + 5*d - 668 + 93, 4*v - 442 = 2*d. What are the prime factors of v?
2, 7
Let d(k) = 8*k + 6. List the prime factors of d(3).
2, 3, 5
Suppose 2*a - 15 = -3. Suppose 0 = 5*g + 2*r - 158, g + r - a*r - 10 = 0. Suppose 0*s = -3*s + g. List the prime factors of s.
2, 5
Let b = 135 + -94. What are the prime factors of b?
41
Let n be (-5)/2*(-4)/5. Suppose -8 = -n*w + 10. What are the prime factors of w?
3
Let k = -8 + 14. Suppose -3*f + 2*b = -27, -k*b - 8 = f - b. List the prime factors of f.
7
What are the prime factors of (-24)/8 + 5*11?
2, 13
Suppose 5*r = -0*n + 5*n - 555, -4*r = 4*n - 476. Suppose -n - 9 = -4*p. List the prime factors of p.
31
Suppose 215 = 2*i + u, 3*u + 17 = -i + 127. What are the prime factors of i?
107
Suppose -233 + 13 = -5*r. Let u = 65 - r. What are the prime factors of u?
3, 7
Suppose 6 = 3*y - 3. Suppose 0 = -3*h + y + 3. Suppose -t - 8 = -h*t. List the prime factors of t.
2
Suppose 0*l = -5*j - l - 238, j - 4*l = -56. List the prime factors of j/(-32)*(-52)/(-2).
3, 13
Suppose 5*b + 5*g = -0 - 10, 5*g + 25 = 0. Suppose -5*z + 25 = b*y, -6 - 6 = -2*y - z. What are the prime factors of y?
5
Suppose 0 = 4*r - 0*r - 160. What are the prime factors of r?
2, 5
Let j(h) = -5*h + 1. Let y be j(2). Let x = -5 - y. Suppose 0*s - 32 = -x*s. List the prime factors of s.
2
Suppose -2*l + y - 11 = 0, l - 5*y + 2 = -17. Let c = 6 + l. Let r(n) = 3*n**2 - 2*n. List the prime factors of r(c).
2
What are the prime factors of 28/(-6)*(-1 + -5)?
2, 7
Suppose 8*b - 7*b = 10. List the prime factors of b.
2, 5
Let v(f) = f**2 - 8*f + 3. Let l be v(7). Let u = -4 - l. Suppose x - 2*x + 5 = u. List the prime factors of x.
5
Suppose 3*p + 39 = 168. Suppose -5 + p = -2*g. Let t = 1 - g. What are the prime factors of t?
2, 5
Let s(x) = x**3 - 5*x**2 - 4*x + 10. What are the prime factors of s(7)?
2, 5
Let y(l) = -l**3 - 8*l**2 - 9*l - 10. Let b be y(-7). Suppose 4*o = -3*n + 53, -b*n + 5*o + 80 = o. List the prime factors of n.
19
List the prime factors of (46 - (-9)/(-3)) + 5 + -3.
3, 5
Let w(c) = 2*c**2 - c. Let v be w(1). Let d be (0/v)/(-1 - 1). Suppose d = -2*o - 3*o + 4*m + 28, -2*o - 5*m + 31 = 0. What are the prime factors of o?
2
Suppose -4*u = 5*y - 239, -4*y = -u - 0*y + 44. What are the prime factors of u?
2, 7
Let n(g) = -g**3 - 13*g**2 - 4*g - 2. Let j be n(-12). What are the prime factors of (-1)/3 - j/6?
2
Let o(d) = -